s 15222761 a composite number?
False
Is 1537559 prime?
True
Is 2049373 a composite number?
True
Is 438802259 prime?
False
Is 142697 a prime number?
True
Is 13255469 composite?
False
Is 13159759 prime?
True
Is 3207361 a composite number?
False
Is 88719629 composite?
False
Is 87157859 prime?
True
Is 4498981 a prime number?
False
Is 1585889 prime?
True
Is 466922579 prime?
True
Is 3025793 prime?
True
Is 17807941 prime?
False
Is 576679 prime?
False
Is 76657861 a prime number?
False
Is 2373583 a composite number?
False
Is 729193 a prime number?
False
Is 30233713 a prime number?
True
Is 1376399 a prime number?
False
Is 9507313 composite?
True
Is 2261783 composite?
True
Is 14283741 composite?
True
Is 286838795 composite?
True
Is 72018097 composite?
False
Is 228541 prime?
False
Is 77266153 composite?
False
Is 5312539 a prime number?
False
Is 62512969 a prime number?
True
Is 10281911 composite?
False
Is 10262759 a composite number?
True
Is 489199847 prime?
True
Is 228970591 composite?
False
Is 120332743 composite?
False
Is 4360214 a composite number?
True
Is 12863661 composite?
True
Is 7196461 a composite number?
True
Is 4949797 composite?
False
Is 78108519 prime?
False
Is 1744231 composite?
False
Is 796633 prime?
True
Is 20998259 composite?
False
Is 13881379 composite?
True
Is 37400399 a prime number?
True
Is 937357999 a prime number?
False
Is 65040557 prime?
True
Is 32199107 prime?
True
Is 168907 a prime number?
False
Is 7245037 a composite number?
True
Is 6304261 a composite number?
True
Is 822694 prime?
False
Is 28322261 prime?
False
Is 56041585 prime?
False
Is 102790343 prime?
True
Is 73218049 a composite number?
True
Is 1865855 a prime number?
False
Is 1462439 prime?
False
Is 101663 a prime number?
True
Is 5717707 a composite number?
False
Is 1687759 a composite number?
False
Is 42198227 a composite number?
False
Is 578224631 a composite number?
False
Is 16822711 a prime number?
True
Is 51498271 a composite number?
True
Is 285211 a prime number?
False
Is 497449 composite?
False
Is 2144893 a prime number?
True
Is 3575639 a composite number?
False
Is 23639233 a prime number?
True
Is 29582405 a composite number?
True
Is 389021989 a prime number?
False
Is 68100913 prime?
True
Is 25400237 a prime number?
False
Is 4341923 prime?
True
Is 15719503 a prime number?
True
Is 4416473 a composite number?
False
Is 192357509 a prime number?
True
Is 3451897 prime?
True
Is 713104337 a composite number?
True
Is 14829449 a prime number?
True
Is 42027611 a composite number?
True
Is 82468543 prime?
False
Is 692441 a composite number?
False
Is 1934459 a prime number?
True
Is 91079349 a composite number?
True
Is 44031863 prime?
False
Is 4750391 a composite number?
False
Is 9857005 composite?
True
Is 136303 prime?
True
Is 7822951 composite?
False
Is 115769389 a composite number?
False
Is 175558387 prime?
False
Is 12408421 prime?
True
Is 11583911 a prime number?
True
Is 30087859 composite?
True
Is 20264249 a prime number?
True
Is 2011363 a prime number?
True
Is 5281321 prime?
False
Is 7725271 a composite number?
False
Is 180998999 a prime number?
False
Is 186571859 composite?
True
Is 3571 prime?
True
Is 654261581 prime?
True
Is 6415286 a prime number?
False
Is 104454121 a prime number?
False
Is 572569 composite?
True
Is 83639489 a prime number?
True
Is 409691 prime?
True
Is 74178739 prime?
True
Is 21520361 a composite number?
False
Is 4119377 composite?
False
Is 2207659 composite?
True
Is 2293559 a prime number?
True
Is 88135627 a prime number?
True
Is 4823521 a composite number?
False
Is 12566737 a composite number?
False
Is 141891379 composite?
True
Is 37529711 composite?
True
Is 12117053 a composite number?
True
Is 30996337 a composite number?
True
Is 33018515 prime?
False
Is 47616911 composite?
True
Is 11202214 a composite number?
True
Is 80542313 prime?
False
Is 322919 composite?
False
Is 1573417 a composite number?
True
Is 135023359 a prime number?
True
Is 4229987 a composite number?
True
Is 50771771 composite?
False
Is 192543361 a prime number?
True
Is 3130871 prime?
True
Is 53252411 a composite number?
True
Is 26835121 prime?
False
Is 2459 a composite number?
False
Is 7461183 a composite number?
True
Is 5493001 composite?
False
Is 7474553 prime?
True
Is 40846969 a prime number?
True
Is 1579697 composite?
True
Is 7982077 a prime number?
False
Is 419979353 composite?
True
Is 8587923 a composite number?
True
Is 516161603 a prime number?
True
Is 7600759 composite?
True
Is 163517 composite?
False
Is 36258359 a prime number?
False
Is 5316959 composite?
False
Is 1494019 a prime number?
True
Is 919702477 prime?
True
Is 1980877 a composite number?
False
Is 161128423 prime?
False
Is 1053953 a composite number?
False
Is 25989049 prime?
True
Is 4253365 a prime number?
False
Is 18703291 prime?
True
Is 22553009 prime?
False
Is 10921273 a prime number?
False
Is 87874079 a composite number?
False
Is 10119553 prime?
True
Is 5294 composite?
True
Is 4611419 a composite number?
False
Is 24974567 a composite number?
False
Is 20900723 a prime number?
True
Is 550891571 a prime number?
True
Is 2737523 composite?
False
Is 120811463 composite?
True
Is 559291 a prime number?
False
Is 71928421 a prime number?
True
Is 329991269 a composite number?
False
Is 362305 a composite number?
True
Is 395101483 a composite number?
True
Is 3101783 composite?
True
Is 61515021 prime?
False
Is 2336431 a composite number?
False
Is 3079709 composite?
True
Is 35183677 prime?
False
Is 6441733 prime?
True
Is 1409113 prime?
False
Is 32540587 prime?
True
Is 3635689 composite?
False
Is 690003869 a composite number?
False
Is 8269169 a prime number?
False
Is 9752267 a prime number?
False
Is 1342379 prime?
True
Is 58594603 a composite number?
False
Is 5194601 prime?
True
Is 317944439 a composite number?
False
Is 1697347 a composite number?
False
Is 27344063 a prime number?
True
Is 34089701 composite?
False
Is 72697007 prime?
False
Is 20492153 a prime number?
False
Is 4203421 a composite number?
False
Is 315343753 a prime number?
True
Is 2174923 prime?
True
Is 37008977 a prime number?
False
Is 21157151 a composite number?
True
Is 6058679 prime?
False
Is 518522527 prime?
True
Is 21682847 a prime number?
True
Is 9673579 prime?
True
Is 131811139 a composite number?
True
Is 48757177 composite?
True
Is 3262999 prime?
False
Is 950671 prime?
True
Is 43951811 prime?
True
Is 3050221 composite?
False
Is 9225353 a prime number?
True
Is 43889735 prime?
False
Is 550231 prime?
False
Is 10742101 prime?
False
Is 460099127 a composite number?
True
Is 33351947 a prime number?
True
Is 103186849 prime?
True
Is 30102337 prime?
True
Is 236503153 a prime number?
True
Is 101802377 a prime number?
True
Is 55502141 a prime number?
False
Is 389393 a composite number?
True
Is 4090687 prime?
False
Is 3902923 prime?
False
Is 61960409 a composite number?
True
Is 34275761 composite?
True
Is 7541717 a prime number?
True
Is 182655577 composite?
True
Is 4053311 prime?
True
Is 15099251 prime?
True
Is 15570847 a prime number?
False
Is 138308347 composite?
False
Is 568039 a composite number?
True
Is 88100573 a composite number?
True
Is 2251807 a prime number?
True
Is 3650579 a composite number?
False
Is 4712621 composite?
True
Is 14121241 a composite number?
True
Is 238316329 prime?
True
Is 17557909 a prime number?
True
Is 163551455 composite?
True
Is 2287409 composite?
False
Is 97572863 composite?
False
Is 106389201 composite?
True
Is 553666067 prime?
True
Is 47786941 a prime number?
False
Is 56850113 composite?
True
Is 66498191 a composite number?
False
Is 7761239 prime?
True
Is 4894313 a composite number?
True
Is 2375557 a prime number?
True
Is 2278123 composite?
True
Is 309078727 composite?
True
Is 163079723 a prime number?
True
Is 15189371 prime?
False
Is 10715789 composite?
True
Is 3321958859 prime?
True
Is 674057221 composite?
True
Is 32558905 composite?
True
Is 169707 composite?
True
Is 439879421 a prime number?
False
Is 48575249 a composite number?
False
Is 15536669 a prime number?
True
Is 877927877 composite?
False
Is 135248573 a composite number?
False
Is 781829 prime?
False
Is 253617629 prime?
False
Is 179640581 a prime number?
False
Is 168294341 a composite number?
True
Is 9006139 prime?
True
Is 1536707 composite?
True
Is 7207471 prime?
Fa